n divisor of 2520728 and 3598?
14
What is the highest common factor of 219240 and 1457540?
4060
Calculate the highest common divisor of 1010 and 777910.
10
Calculate the greatest common divisor of 1820 and 152315.
5
Calculate the greatest common divisor of 12673080 and 5076.
1692
What is the greatest common divisor of 34768 and 3930752?
656
Calculate the greatest common divisor of 19303154 and 221.
13
Calculate the highest common factor of 80792240 and 400.
80
What is the highest common factor of 28882308 and 1092?
1092
Calculate the greatest common factor of 4172 and 63604226.
2086
What is the highest common factor of 247200 and 34108656?
4944
What is the greatest common divisor of 126 and 13913606?
14
Calculate the highest common divisor of 506975050 and 50.
50
What is the greatest common divisor of 150967261 and 571?
571
What is the greatest common divisor of 224 and 22739528?
56
Calculate the highest common factor of 303 and 40621796.
101
What is the greatest common divisor of 17025 and 1417412970?
3405
Calculate the greatest common factor of 12000387 and 84.
21
Calculate the greatest common divisor of 105 and 148308895.
35
Calculate the greatest common divisor of 1095970 and 810.
10
What is the greatest common factor of 111971503 and 33915?
2261
What is the highest common factor of 28 and 14341076?
4
Calculate the highest common divisor of 9921 and 76070921.
3307
What is the greatest common divisor of 9612992 and 6944?
32
Calculate the highest common factor of 454272 and 301308.
84
Calculate the highest common factor of 1134088760 and 332.
332
Calculate the highest common factor of 166779731 and 538.
269
Calculate the greatest common divisor of 532 and 5027799.
133
What is the highest common factor of 1058344 and 9912?
56
What is the greatest common divisor of 30250557 and 27?
27
What is the greatest common factor of 99940 and 72830?
10
Calculate the highest common divisor of 319612887 and 165.
33
What is the greatest common factor of 3283 and 1468971?
49
What is the greatest common factor of 10533 and 40776754?
3511
What is the greatest common factor of 6278160 and 102120?
4440
What is the greatest common factor of 2308 and 730493540?
2308
Calculate the highest common factor of 277497 and 583.
11
What is the highest common divisor of 135187380 and 8?
4
Calculate the greatest common factor of 960 and 6472380.
60
Calculate the greatest common factor of 72 and 47366388.
36
Calculate the greatest common factor of 60 and 9057945.
15
Calculate the greatest common factor of 186970 and 12705.
35
Calculate the highest common factor of 7 and 10457001.
1
What is the highest common divisor of 17197687 and 16495?
3299
Calculate the greatest common factor of 327676 and 2880.
4
Calculate the highest common factor of 6528368 and 931.
49
Calculate the highest common factor of 6549 and 101454.
111
Calculate the highest common factor of 227174 and 789254.
2342
Calculate the greatest common factor of 66470 and 155250.
230
Calculate the highest common divisor of 177196 and 173476.
124
What is the greatest common factor of 5482504 and 200?
8
Calculate the greatest common factor of 958 and 28999618.
958
Calculate the highest common factor of 2648260 and 748.
68
What is the highest common factor of 912 and 9514383?
57
What is the greatest common divisor of 748 and 1659724?
44
Calculate the highest common factor of 468 and 7836244.
52
What is the highest common divisor of 76 and 30828241?
19
What is the greatest common factor of 5325 and 105958625?
1775
What is the highest common factor of 6208 and 9623176?
776
What is the highest common factor of 1736658 and 3654?
126
Calculate the highest common factor of 844 and 11604156.
844
Calculate the highest common divisor of 1190 and 223265.
35
What is the greatest common factor of 9038087 and 355?
71
What is the greatest common divisor of 11134 and 781394?
38
Calculate the highest common divisor of 7785 and 2886159.
519
Calculate the greatest common factor of 8564365 and 865.
865
Calculate the greatest common factor of 11965096 and 624.
104
Calculate the highest common divisor of 35700 and 47546450.
5950
Calculate the greatest common divisor of 17346109 and 6083.
869
Calculate the highest common factor of 4533 and 564.
3
Calculate the highest common divisor of 271 and 157066993.
271
Calculate the highest common factor of 373401377 and 212.
53
What is the highest common divisor of 7972611 and 353079?
4359
Calculate the greatest common divisor of 63119 and 8115300.
9017
What is the highest common divisor of 1015 and 1897441?
203
Calculate the highest common factor of 924 and 332771208.
924
What is the greatest common factor of 1648 and 6999880?
824
Calculate the highest common divisor of 7028812 and 4103.
373
What is the highest common divisor of 44288 and 5612120?
1384
Calculate the greatest common factor of 5248125 and 275.
25
What is the highest common divisor of 168 and 3378786?
6
Calculate the greatest common factor of 1898 and 4588311.
13
Calculate the greatest common factor of 142133846 and 2606.
2606
Calculate the highest common factor of 444592 and 113401.
751
What is the highest common factor of 22 and 19849247?
11
What is the highest common divisor of 13806 and 66537?
9
What is the highest common divisor of 944970 and 1482?
78
Calculate the greatest common divisor of 4338 and 200142.
18
Calculate the highest common divisor of 725361 and 119301.
273
Calculate the highest common factor of 3 and 48336127.
1
What is the greatest common divisor of 160 and 5037310?
10
What is the greatest common divisor of 51 and 220936029?
51
Calculate the greatest common divisor of 8769 and 141969.
111
What is the highest common divisor of 147 and 50226029?
49
What is the greatest common factor of 2053311 and 348517?
4199
What is the highest common factor of 1890 and 76857930?
270
What is the greatest common factor of 2 and 149230168?
2
Calculate the greatest common divisor of 653 and 18249391.
653
Calculate the highest common factor of 140211150 and 120.
30
What is the greatest common factor of 33092308 and 46?
46
What is the greatest common divisor of 42 and 429465918?
42
Calculate the greatest common factor of 49 and 388669274.
49
What is the highest common factor of 40795494 and 10782?
3594
Calculate the greatest common factor of 315 and 6956460.
315
What is the highest common divisor of 172 and 409120920?
172
Calculate the highest common factor of 1873862 and 163214.
2066
Calculate the greatest common factor of 64720 and 207600.
80
Calculate the highest common factor of 2821 and 1251873.
217
What is the highest common factor of 10395 and 7850007?
297
Calculate the highest common factor of 7341980 and 2090.
190
Calculate the highest common factor of 930 and 2033250.
30
Calculate the highest common divisor of 3687912 and 77814.
2358
What is the greatest common factor of 47 and 443445094?
47
Calculate the greatest common factor of 2220475 and 8.
1
What is the highest common divisor of 11199 and 476230009?
3733
What is the highest common factor of 405460 and 159695?
95
What is the greatest common divisor of 104012435 and 97945?
5155
What is the greatest common factor of 2424 and 247074684?
1212
What is the greatest common factor of 33157980 and 9?
9
What is the highest common divisor of 542900167 and 3849?
1283
Calculate the highest common divisor of 290018718 and 513.
27
Calculate the greatest common factor of 41691221 and 429.
143
What is the highest common factor of 2455 and 77235773?
491
Calculate the highest common divisor of 806740836 and 36.
12
Calculate the greatest common factor of 8274435 and 1443.
39
Calculate the greatest common factor of 614196 and 2904.
1452
What is the highest common divisor of 38391 and 17400168?
201
What is the highest common divisor of 616 and 50367086?
154
What is the highest common divisor of 270 and 16627545?
135
Calculate the highest common divisor of 8448174 and 2094.
6
Calculate the highest common factor of 3379200 and 30.
30
What is the greatest common divisor of 1074494 and 2746487?
5021
What is the greatest common factor of 3906 and 132615?
63
What is the greatest common factor of 94486 and 401982?
238
Calculate the greatest common divisor of 6050435 and 4020.
335
What is the grea